8058 and 134.
134
What is the greatest common factor of 7 and 18380943?
7
What is the highest common divisor of 1695 and 1792330290?
1695
Calculate the greatest common factor of 148650 and 985.
5
What is the highest common factor of 123993 and 136413?
207
What is the greatest common divisor of 142588 and 1525360?
3316
Calculate the greatest common divisor of 10437425 and 153925.
3275
Calculate the highest common divisor of 255513 and 4293.
159
Calculate the greatest common factor of 22464 and 543972.
156
What is the highest common factor of 2877336 and 352?
88
What is the highest common factor of 43453 and 130768373?
2287
What is the greatest common factor of 214 and 152174972?
214
What is the highest common factor of 676855 and 1853?
17
What is the highest common factor of 15710305 and 130?
65
Calculate the greatest common factor of 17566832 and 214.
214
Calculate the greatest common factor of 451464776 and 2096.
1048
What is the greatest common divisor of 11115 and 3840525?
585
What is the greatest common divisor of 7680 and 599160?
120
Calculate the highest common factor of 1757384 and 598.
46
What is the greatest common factor of 285 and 185895069?
57
What is the greatest common factor of 277316 and 1703?
13
Calculate the greatest common factor of 3002465 and 3611305.
2455
Calculate the greatest common divisor of 1183544664 and 4848.
2424
Calculate the greatest common divisor of 26845070 and 62.
62
Calculate the highest common divisor of 74 and 35360789.
37
Calculate the greatest common factor of 18627269 and 9.
1
Calculate the greatest common factor of 1381845951 and 1602.
801
Calculate the highest common divisor of 3915164 and 45812.
3524
Calculate the greatest common factor of 1197 and 959301.
63
What is the greatest common divisor of 147 and 342265812?
21
What is the highest common divisor of 9120481 and 4359?
1453
Calculate the greatest common divisor of 406892497 and 1298.
649
What is the greatest common divisor of 874115072 and 4096?
4096
Calculate the highest common divisor of 11 and 604747.
11
Calculate the greatest common divisor of 106 and 155704831.
53
What is the greatest common factor of 84 and 8671964?
28
What is the highest common factor of 3246616 and 2276?
4
Calculate the highest common factor of 64 and 105918752.
32
What is the highest common factor of 775104 and 9504?
1056
What is the highest common divisor of 85779 and 1846896?
1059
What is the greatest common factor of 384095 and 3285?
5
Calculate the highest common divisor of 43 and 311376846.
43
What is the greatest common divisor of 2 and 4312324?
2
What is the highest common divisor of 938041 and 24544?
767
What is the highest common divisor of 311376152 and 31?
31
Calculate the greatest common divisor of 232 and 15065471.
29
Calculate the greatest common divisor of 760 and 168463120.
760
What is the highest common divisor of 4654 and 4852?
2
Calculate the highest common divisor of 377074 and 76.
38
What is the highest common factor of 3756490 and 578?
34
What is the greatest common divisor of 7898 and 88869?
11
What is the greatest common factor of 93 and 1657851?
3
Calculate the highest common divisor of 60 and 129928360.
20
What is the highest common divisor of 312 and 6511011?
39
Calculate the greatest common divisor of 792 and 1183292.
44
Calculate the greatest common factor of 10718755 and 20349.
323
What is the highest common factor of 20297858 and 56?
14
Calculate the greatest common divisor of 13892 and 1715964.
604
Calculate the greatest common factor of 3470 and 125680.
10
Calculate the greatest common divisor of 5265 and 2017305.
405
What is the highest common factor of 1105 and 6277675?
85
Calculate the greatest common factor of 185 and 985480.
5
What is the greatest common divisor of 50 and 38717650?
50
Calculate the highest common divisor of 19274 and 2507.
23
Calculate the greatest common factor of 378 and 30243591.
189
Calculate the highest common divisor of 783261 and 116.
29
Calculate the greatest common factor of 1187645 and 6920.
865
What is the greatest common factor of 56288420 and 6235?
145
What is the highest common divisor of 91558481 and 7?
7
What is the highest common divisor of 17678309 and 212?
53
Calculate the greatest common divisor of 789 and 443197869.
789
What is the highest common factor of 5444 and 710926516?
5444
What is the greatest common factor of 32328997 and 53157?
1363
What is the greatest common factor of 460126087 and 758?
379
Calculate the greatest common factor of 350213360 and 630.
70
Calculate the highest common divisor of 1360 and 9758408.
136
Calculate the greatest common factor of 75 and 28892275.
25
Calculate the greatest common factor of 17318277 and 35055.
369
Calculate the greatest common factor of 4468 and 55852.
4
What is the highest common divisor of 688892085 and 34965?
11655
What is the greatest common factor of 62037 and 15473655?
1017
What is the greatest common factor of 50826 and 244674?
1182
What is the highest common divisor of 441584 and 132?
44
Calculate the highest common factor of 76 and 13835904.
4
What is the highest common factor of 182340 and 34020?
180
What is the greatest common divisor of 1612835 and 3920?
245
What is the highest common divisor of 8633656 and 17880?
1192
What is the greatest common factor of 15494 and 678434?
254
Calculate the highest common factor of 1576 and 6481528.
8
Calculate the greatest common divisor of 4270 and 226247.
7
What is the highest common divisor of 2942240440 and 415?
415
What is the greatest common divisor of 6910210 and 7130?
310
What is the greatest common factor of 30669185 and 425?
5
What is the greatest common factor of 9536290 and 20?
10
Calculate the greatest common factor of 49 and 2940133.
7
Calculate the highest common divisor of 3938 and 4656586.
22
Calculate the greatest common factor of 2158 and 15773486.
166
What is the highest common divisor of 28728 and 28141128?
4104
What is the greatest common factor of 84405 and 25597223?
5627
What is the greatest common divisor of 383522 and 8814?
226
Calculate the highest common factor of 954 and 2743386.
318
Calculate the greatest common factor of 3362 and 17107537.
1681
Calculate the greatest common divisor of 28 and 6088508.
4
Calculate the highest common factor of 281494880 and 380.
380
What is the greatest common divisor of 2230718 and 28?
14
Calculate the greatest common factor of 163377 and 52407.
81
What is the highest common factor of 2794 and 24851614?
254
What is the greatest common factor of 430 and 1097825?
5
What is the greatest common factor of 739768689 and 4257?
4257
Calculate the greatest common divisor of 34761 and 243.
3
Calculate the highest common factor of 466496388 and 432.
108
Calculate the greatest common divisor of 6119945 and 1105.
65
Calculate the greatest common factor of 657 and 122661535.
73
What is the highest common factor of 287 and 48752936?
41
Calculate the highest common factor of 15356 and 778.
2
What is the highest common divisor of 770 and 3250345?
35
Calculate the highest common factor of 1881252683 and 6907.
6907
Calculate the greatest common divisor of 260632 and 648.
8
What is the highest common divisor of 100696 and 431156?
164
What is the greatest common factor of 52 and 108939922?
26
What is the highest common factor of 320216672 and 368?
368
What is the highest common factor of 29293 and 6644?
11
What is the greatest common factor of 140 and 1156092?
28
What is the greatest common divisor of 140 and 212035?
5
Calculate the greatest common factor of 7440 and 451289940.
1860
What is the greatest common factor of 39 and 245616553?
13
What is the highest common factor of 9613670 and 2360620?
9010
Calculate the greatest common divisor of 196 and 6841086.
98
What is the greatest common divisor of 1933808 and 208?
16
Calculate the greatest common divisor of 3712 and 873359360.
3712
What is the highest common factor of 16727672 and 208?
104
Calculate the greatest common divisor of 5 and 113116495.
5
What is the highest common factor of 187242 and 11262?
6
What is the highest common divisor of 37840 and 196640?
80
What is the highest common factor of 840 and 1770480?
120
What is the greatest common divisor of 48 and 243958488?
24
Calculate the greatest